 o + 5*y, -m*o = -o + 4*y + 9. List the prime factors of 12 - (3 + -2 + o).
2, 3
Let z(c) = -c**3 - 3*c**2 - 2*c + 1. Let r(p) = p**2 + 7*p. Let a be r(-7). Suppose a = 2*o - 6, 9*o - 12 = -k + 4*o. What are the prime factors of z(k)?
7
Let s(d) = d**3 + 1. Let x be s(0). Let o be (-6)/(-3) + x*3. Suppose -o*b - 30 + 75 = 0. What are the prime factors of b?
3
List the prime factors of 11 - (-1)/2*0.
11
Let q be (-2)/6 + (-32)/(-6). Suppose 30 = 5*i - q*g, -24 = -3*i - i - 2*g. List the prime factors of (16/i)/((-2)/(-6)).
2
Let l be -1*(-3 + 2/2). Suppose 3*q + l = 41. Suppose 12 = -3*g, u + 3*g - q = 2*g. List the prime factors of u.
17
Let l(r) = r**2 - 4*r + 4. What are the prime factors of l(-6)?
2
Let l(m) = 5*m + 5. What are the prime factors of l(5)?
2, 3, 5
Let b(i) = -i**3 - i**2 + 7. Let h(u) = -u**3 + 5*u**2 - 4*u. Let z be h(4). What are the prime factors of b(z)?
7
Let x(y) = y**2 + 2*y. Let j be x(-2). Suppose 5*f - 4*t - 38 = j, -f + 0*t = -2*t - 4. What are the prime factors of f?
2, 5
Let n(w) = -3*w**2 - w - 2. Let j be n(-3). Let d = j - -52. Suppose -5*b = -u - 43, 0 = -4*b - u - u + d. List the prime factors of b.
2
Let g = 35 - 9. What are the prime factors of g?
2, 13
List the prime factors of 94/6*(2 - -1).
47
Let y(t) = -t**2 - 14*t + 33. What are the prime factors of y(-14)?
3, 11
Suppose 3*c - 76 = 68. What are the prime factors of c?
2, 3
Let u(h) = -h**3 + 13*h**2 - 10*h - 5. List the prime factors of u(12).
19
Let u(f) = 7*f**2 + 5*f - 1. List the prime factors of u(-7).
307
Let i be 4 + 1/(3/(-6)). Suppose -t - 2*p + 2 = 0, -i*t + 4*p = -3 - 1. Suppose 0 = f + t*f - 24. List the prime factors of f.
2
Let u(l) = 2*l**2 + 0 + l**2 - 2*l + l**3 + 0. Let v(z) = -z + 2. Let g be v(5). List the prime factors of u(g).
2, 3
List the prime factors of ((-45)/(-10))/((-9)/(-84)).
2, 3, 7
Let n be ((-36)/(-16))/((-1)/(-20)). Let t = n - 31. List the prime factors of t.
2, 7
Let s(r) = r**3 + 6*r**2 + r + 8. Let z be s(-6). Suppose 2*u = -0*m - z*m - 200, -3*u + 4*m = 293. What are the prime factors of (-4)/(-10) - u/15?
7
Let k be (-16)/12*-3 - 1. Let f(v) = -v**3 + 5*v**2 - 6*v + 5. Let x be f(4). Let p = k - x. What are the prime factors of p?
2, 3
Let r(o) = -o + 5. Let m be r(5). Suppose m = v - 6 - 11. List the prime factors of v.
17
Let y = -19 - -26. Let z = y - -14. What are the prime factors of z?
3, 7
Let x(l) = -3*l - 2. Let f(v) = -8*v - 7. Let r(h) = -4*f(h) + 11*x(h). What are the prime factors of r(-6)?
2, 3
Let p(b) be the second derivative of 7/3*b**3 - 7/2*b**2 + 3*b + 0 - 1/12*b**4. What are the prime factors of p(13)?
2, 3
What are the prime factors of -5 - 325/(-2) - (-1)/2?
2, 79
Suppose -3*d - 381 = -4*t, -4*d - 475 = -5*t + d. Suppose 3*s - 92 = -2*l, 3*l = 5*s - 70 - t. What are the prime factors of s?
2
Let t = 6 - 13. Let u be 21/(-6)*4/t. Suppose u*d + 60 = 7*d. What are the prime factors of d?
2, 3
Let x(y) = -y**3 - 7*y**2 + 9*y + 11. Let i be x(-8). Let k(s) = -2*s. Let t be k(1). List the prime factors of i*(-3)/6*t.
3
Let q = -75 - -118. List the prime factors of q.
43
Suppose -z + 2*z + 4 = -2*o, -2*z + 3*o = 1. Let k = 2 - z. What are the prime factors of 1*4*k/8?
2
Let k(w) = -2*w + 24. What are the prime factors of k(11)?
2
Suppose -46*q + 42*q = -252. List the prime factors of q.
3, 7
Suppose 0 = 8*y - 0*y - 728. List the prime factors of y.
7, 13
Let q(b) = -b**3 + 8*b**2 - 5*b - 9. List the prime factors of q(7).
5
Suppose -5*f = -f - 12. Let i be 3 + -3 - 0/f. Suppose -4*w + 14 + 38 = i. What are the prime factors of w?
13
Let s = 637 + -324. What are the prime factors of s?
313
Suppose 0 = -w - 4*w - t + 262, -264 = -5*w - 2*t. List the prime factors of w.
2, 13
Let i be (-20)/3*9/(-6). Let b = 16 - i. Let h(p) = p**3 - 5*p**2 - 3*p - 7. List the prime factors of h(b).
11
Let n(t) = -6*t + t**2 + 4*t - 2 + t**2 + t**3. Let f be n(2). Let p = -5 + f. What are the prime factors of p?
5
Let o(j) = j + 2 + 2*j - 2*j. Suppose -24 = -4*f + i, -2*f - 33 = -7*f + 2*i. List the prime factors of o(f).
7
Let d = 3 + -4. Let z be 3/2 + (-46)/(-4). Let w = d + z. List the prime factors of w.
2, 3
Let l = 1 + 0. Suppose -4*h - 3*w = 3, 3*w = -h - 11 - l. Suppose -h*c + 13 = -14. List the prime factors of c.
3
Let q(p) = -11*p**3 - 2*p**2 - p. Let d be q(-1). Let t = d - 4. List the prime factors of t.
2, 3
Suppose 2*l = 5*a + 7, -l = 2*a + 2*a + 3. Suppose -71 + 23 = -6*f. Let u = f + l. List the prime factors of u.
3
What are the prime factors of 4/(-4) - (-22 + 2 + -1)?
2, 5
Let k be (3/1)/((-2)/(-2)). Suppose 0 = -2*l + k*l - 24. Suppose 6*t - 2*t - l = 0. List the prime factors of t.
2, 3
Let h be (-5)/2 + 5/10. Let j(q) = -q**3 + q**2 + 1. Let o(z) = 3*z**3 - 9*z**2 + z - 4. Let b(f) = 6*j(f) + o(f). What are the prime factors of b(h)?
2, 3
Let t(w) = w**3 + 9*w**2 - 14*w - 6. Suppose -4*f = -n - 3*f - 12, -48 = 5*n + f. List the prime factors of t(n).
2, 17
Suppose -4*u = -3*h + 14, -h + 4 = u - 3. Suppose j + 65 = h*j. List the prime factors of j.
13
Suppose -5*p = -f - 419, 0 = p - 0*f - f - 87. List the prime factors of p.
83
Let f(y) be the third derivative of -y**4/24 + 2*y**3/3 - 3*y**2. List the prime factors of f(-10).
2, 7
Suppose 0 = t + t - 30. What are the prime factors of t?
3, 5
Let b = 12 + -9. List the prime factors of b.
3
Suppose 3*t + 13 = 4*x, 5*x - 13 - 5 = 2*t. Let n be 20312/(-88) + x/(-22). List the prime factors of n/(-15) + (-2)/5.
3, 5
Let z be (-2)/6 + 4/(-6). Let u be (15/3 - z)*2. Let m = u + -1. List the prime factors of m.
11
Let j(f) = -f**3 + 6*f**2 + 4*f - 4. What are the prime factors of j(-4)?
2, 5, 7
Let w be 4/(-18) - (-303)/27. Suppose 0 = 5*f + 2*r - w - 3, -r - 4 = -3*f. Suppose -f*g - 3*g = -35. What are the prime factors of g?
7
Suppose -7 = -5*w + 18. Suppose 2*k = -4*h + 3*k + w, -h - 1 = -k. Suppose h*j + 0*j - 26 = -2*x, -31 = -3*x - j. List the prime factors of x.
3
Let c(o) = o**2 - 5*o + 1. Let m be c(5). Let n = 4 - 1. Suppose -m = -i + n. What are the prime factors of i?
2
Let k = -4 + 9. Suppose -k*a - 5*u + 90 = 0, 4*a + 2*u - 67 = -u. List the prime factors of a.
13
Let p be ((-21)/14)/(1/(-14)). Let j = 42 - p. What are the prime factors of 220/14 + 6/j?
2
Suppose -4*j = -2*j + 6. Suppose 4*i + 8 = 3*i. Let h = j - i. What are the prime factors of h?
5
Let j(w) = w + 7. Let p be j(-5). Suppose -p*f + 15 = f. What are the prime factors of f?
5
Let x = -5 - -3. Let n(p) = p**3 + 2*p**2 - p - 2. Let k be n(x). Suppose k*z = 2*z + 4*i - 28, 4*i - 10 = z. What are the prime factors of z?
2, 3
Let d(c) = -34*c - 13. What are the prime factors of d(-4)?
3, 41
Let i = 3 + -4. Let w(x) = -11*x. What are the prime factors of w(i)?
11
What are the prime factors of (-4 + 1)*(-582)/9?
2, 97
Let b(k) = 4*k**2 + 7*k - 13. List the prime factors of b(5).
2, 61
Suppose 0 = -q + p + 15, -q + 3*p = -2*p - 7. List the prime factors of q.
17
Suppose 0 = -2*o - 6, 4*o = -4*k + 2*o - 26. Let j = k + 8. Let l = j - -8. What are the prime factors of l?
11
Suppose -2*v - 13 = 7. What are the prime factors of (-4)/10 + (-54)/v?
5
Let g(t) = 3*t**2 - 2*t - 4. Let r(z) = -z**3 + 6*z**2 + 6*z + 10. Let q be r(7). What are the prime factors of g(q)?
17
Let y(l) = l**3 - l**2 - 2*l - 1. Let s be 48/27 - 4/(-18). Let g be y(s). List the prime factors of 10 - g - (-4)/(-2).
3
Let b(d) = -1. Let p(v) = -v**2 - 2*v + 8. Let q(f) = -5*b(f) - p(f). Let l = -5 - -7. List the prime factors of q(l).
5
Let d(z) = -z**2 + z + 1. Let y(a) = 4*a**2 - a - 3. Let g(l) = -5*d(l) - y(l). Let f = 19 - 13. What are the prime factors of g(f)?
2, 5
Suppose -2 = w - 5*u, 4*w + 3*u - 2*u = 13. Suppose 3*f - w = 3. What are the prime factors of f?
2
Let r(p) = -3 + 0 + 3*p + 1 + 4. Let m be -1 + (0 - (-2 - 2)). List the prime factors of r(m).
11
Suppose 0 = -4*f - 4*r, 5*r = -4*f + 2*r + 2. Suppose -3*t + f = -4. What are the prime factors of t?
2
Let s be 3 - (2 + -3)*1. Let m(a) = 1 + 3 - s - 2 - 2*a. What are the prime factors of m(-9)?
2
Let a be 12/(-10)*(-40)/(-6). Let o = -1 - a. Suppose -j = -3 - o. List the prime factors of j.
2, 5
Let i be 11/3 + (-2)/3. Suppose -5*u + 301 = d + i*d, 0 = 2*u + 2*d - 120. Suppose -u = -7*s + 2*s - x, 3*s - 3*x = 33. List the prime factors of s